{"id":205,"date":"2016-09-09T05:39:47","date_gmt":"2016-09-09T03:39:47","guid":{"rendered":"http:\/\/www.if-laos.org\/livre-debats-didees\/?lang=en"},"modified":"2025-10-30T18:56:01","modified_gmt":"2025-10-30T11:56:01","slug":"livre-debats-didees","status":"publish","type":"page","link":"http:\/\/www.if-laos.org\/en\/livre-debats-didees\/","title":{"rendered":"Library &#038; Conferences"},"content":{"rendered":"<blockquote>\n<p style=\"text-align: justify;\"><a href=\"http:\/\/www.if-laos.org\/wp-content\/uploads\/2025\/10\/IMG_20250208_102232_magicstudio_mb7sztk5g2e.png\"><img loading=\"lazy\" class=\"alignleft wp-image-12502 \" src=\"http:\/\/www.if-laos.org\/wp-content\/uploads\/2025\/10\/IMG_20250208_102232_magicstudio_mb7sztk5g2e-e1761825152165-300x277.png\" alt=\"\" width=\"240\" height=\"222\" srcset=\"http:\/\/www.if-laos.org\/wp-content\/uploads\/2025\/10\/IMG_20250208_102232_magicstudio_mb7sztk5g2e-e1761825152165-300x277.png 300w, http:\/\/www.if-laos.org\/wp-content\/uploads\/2025\/10\/IMG_20250208_102232_magicstudio_mb7sztk5g2e-e1761825152165-1024x945.png 1024w, http:\/\/www.if-laos.org\/wp-content\/uploads\/2025\/10\/IMG_20250208_102232_magicstudio_mb7sztk5g2e-e1761825152165-768x709.png 768w, http:\/\/www.if-laos.org\/wp-content\/uploads\/2025\/10\/IMG_20250208_102232_magicstudio_mb7sztk5g2e-e1761825152165-1536x1418.png 1536w, http:\/\/www.if-laos.org\/wp-content\/uploads\/2025\/10\/IMG_20250208_102232_magicstudio_mb7sztk5g2e-e1761825152165-2048x1891.png 2048w, http:\/\/www.if-laos.org\/wp-content\/uploads\/2025\/10\/IMG_20250208_102232_magicstudio_mb7sztk5g2e-e1761825152165-325x300.png 325w, http:\/\/www.if-laos.org\/wp-content\/uploads\/2025\/10\/IMG_20250208_102232_magicstudio_mb7sztk5g2e-e1761825152165-1320x1219.png 1320w\" sizes=\"(max-width: 240px) 100vw, 240px\" \/><\/a><span style=\"color: #085987;\"><span dir=\"auto\" style=\"vertical-align: inherit;\"><span dir=\"auto\" style=\"vertical-align: inherit;\"><span dir=\"auto\" style=\"vertical-align: inherit;\"><span dir=\"auto\" style=\"vertical-align: inherit;\">Program dedicated to the <\/span><\/span><\/span><\/span><strong><span dir=\"auto\" style=\"vertical-align: inherit;\"><span dir=\"auto\" style=\"vertical-align: inherit;\"><span dir=\"auto\" style=\"vertical-align: inherit;\"><span dir=\"auto\" style=\"vertical-align: inherit;\">diffusion and promotion of French culture<\/span><\/span><\/span><\/span><\/strong><span dir=\"auto\" style=\"vertical-align: inherit;\"><span dir=\"auto\" style=\"vertical-align: inherit;\"><span dir=\"auto\" style=\"vertical-align: inherit;\"><span dir=\"auto\" style=\"vertical-align: inherit;\"> , ideas and knowledge and French intellectual creation abroad.<\/span><\/span><\/span><\/span><\/span><\/p>\n<p style=\"text-align: justify;\"><span dir=\"auto\" style=\"font-size: 1.9rem; vertical-align: inherit;\"><span dir=\"auto\" style=\"vertical-align: inherit;\"><span dir=\"auto\" style=\"vertical-align: inherit;\"><span dir=\"auto\" style=\"vertical-align: inherit;\">The multimedia library of the Institut Fran\u00e7ais in Laos welcomes you <\/span><\/span><\/span><\/span><strong style=\"font-size: 1.9rem;\"><span dir=\"auto\" style=\"vertical-align: inherit;\"><span dir=\"auto\" style=\"vertical-align: inherit;\"><span dir=\"auto\" style=\"vertical-align: inherit;\"><span dir=\"auto\" style=\"vertical-align: inherit;\">Tuesday to Friday from 9.00 am to 5.30 pm, on Saturday from 9.00 am to 4.00 pm.<\/span><\/span><\/span><\/span><\/strong><span dir=\"auto\" style=\"font-size: 1.9rem; vertical-align: inherit;\"><span dir=\"auto\" style=\"vertical-align: inherit;\"><span dir=\"auto\" style=\"vertical-align: inherit;\"><span dir=\"auto\" style=\"vertical-align: inherit;\"> More than 25,000 books, magazines, DVDs, CDs and ebooks are at your disposal. You can visit us for free or become a member to borrow material<\/span><\/span><\/span><\/span><\/p>\n<\/blockquote>\n<p><a href=\"http:\/\/www.reservation-livre.if-laos.org\/\" target=\"_blank\" rel=\"noopener noreferrer\"><span dir=\"auto\" style=\"vertical-align: inherit;\"><span dir=\"auto\" style=\"vertical-align: inherit;\"><span dir=\"auto\" style=\"vertical-align: inherit;\"><span dir=\"auto\" style=\"vertical-align: inherit;\">Browse the Library OPAC<\/span><\/span><\/span><\/span><\/a><span dir=\"auto\" style=\"vertical-align: inherit;\"><span dir=\"auto\" style=\"vertical-align: inherit;\"><span dir=\"auto\" style=\"vertical-align: inherit;\"><span dir=\"auto\" style=\"vertical-align: inherit;\"> (Available during IFL open time). <\/span><\/span><\/span><\/span><br \/>\n<a href=\"http:\/\/www.culturetheque.com\/\" target=\"_blank\" rel=\"noopener noreferrer\"><span dir=\"auto\" style=\"vertical-align: inherit;\"><span dir=\"auto\" style=\"vertical-align: inherit;\"><span dir=\"auto\" style=\"vertical-align: inherit;\"><span dir=\"auto\" style=\"vertical-align: inherit;\">Culturetheque &#8211; Online Library<\/span><\/span><\/span><\/span><\/a><\/p>\n<p><span dir=\"auto\" style=\"vertical-align: inherit;\"><span dir=\"auto\" style=\"vertical-align: inherit;\"><span dir=\"auto\" style=\"vertical-align: inherit;\"><span dir=\"auto\" style=\"vertical-align: inherit;\"><div class=\"em-search-wrapper\">\r\n<div class=\"em-events-search em-search has-search-term has-search-main no-advanced advanced-visible\">\r\n\t<form action=\"\" method=\"post\" class=\"em-events-search-form em-search-form\">\r\n\t\t<input type=\"hidden\" name=\"action\" value=\"search_events\" \/>\r\n\t\t\t\t<div class=\"em-search-main\">\r\n\t\t\t\t\t\t<!-- START General Search -->\r\n<div class=\"em-search-text em-search-field\">\r\n\t<script type=\"text\/javascript\">\r\n\tEM.search_term_placeholder = 'Search an event';\r\n\t<\/script>\r\n\t<label>\r\n\t\t<span class=\"screen-reader-text\">Search an event<\/span>\r\n\t\t<input type=\"text\" name=\"em_search\" class=\"em-events-search-text em-search-text\" value=\"\" \/>\r\n\t<\/label>\r\n<\/div>\r\n<!-- END General Search -->\t\t\t\t\t<\/div>\r\n\t\t\t\t\t\t\t\t\t\t\t\t    <input name=\"near_distance\" type=\"hidden\" value=\"25\" \/>\t\t    <input name=\"near_unit\" type=\"hidden\" value=\"mi\" \/>\t\t\t<\/form>\r\n<\/div>\r\n<\/div> <\/span><\/span><\/span><\/span><br \/>\n<span dir=\"auto\" style=\"vertical-align: inherit;\"><span dir=\"auto\" style=\"vertical-align: inherit;\"><span dir=\"auto\" style=\"vertical-align: inherit;\"><span dir=\"auto\" style=\"vertical-align: inherit;\"><div class='css-events-list'><table class=\"ifl-evenement-date\" >\r\n    <thead>\r\n        <tr>\r\n\t\t\t<th class=\"event-time\" scope=\"col\"><\/th>\r\n\t\t\t<th class=\"event-description\" scope=\"col\"><\/th>\r\n\t\t<\/tr>\r\n   \t<\/thead>\r\n    <tbody><tr onclick=\"location.href='http:\/\/www.if-laos.org\/en\/events\/cest-lheure-du-conte\/';\" style=\"cursor: pointer;\">\r\n            <td> <img src='http:\/\/www.if-laos.org\/wp-content\/uploads\/2026\/02\/2.png' alt='C\u2019est l&#039;heure du conte !'\/><br\/>\r\n            <font color=\"#006699\" style=\"font-size:14px;\">Venez \u00e9couter des histoires et stimuler le langage, l'imagination, la concentration et la cr\u00e9ativit\u00e9 \u2728 Un vrai moment de d\u00e9tente et d'\u00e9veil \u00e0 partager ! Tous les mercredis | 15:30...<\/font> <br\/><br\/>\r\n                <\/td>\r\n        <\/tr>\r\n\r\n\t\t<tr onclick=\"location.href='http:\/\/www.if-laos.org\/en\/events\/francais-pour-enfant\/';\" style=\"cursor: pointer;\">\r\n            <td> <img src='http:\/\/www.if-laos.org\/wp-content\/uploads\/2025\/12\/French.png' alt='Fran\u00e7ais pour enfant'\/><br\/>\r\n            <font color=\"#006699\" style=\"font-size:14px;\">\u0e9e\u0eb2\u0eaa\u0eb2\u0e9d\u0ea3\u0eb1\u0ec8\u0e87\u0e87\u0ec8\u0eb2\u0e8d\u0edc\u0ec9\u0ead\u0e8d\u0e94\u0ebd\u0ea7 \u0eab\u0ebc\u0eb1\u0e81\u0eaa\u0eb9\u0e94\u0e9e\u0eb2\u0eaa\u0eb2\u0e9d\u0ea3\u0eb1\u0ec8\u0e87\u0eaa\u0ecd\u0eb2\u0ea5\u0eb1\u0e9a\u0e97\u0eb8\u0e81\u0ec0\u0e9e\u0e94\u0e97\u0eb8\u0e81\u0ec4\u0ea7 start soon in May 2026<\/font> <br\/><br\/>\r\n                <\/td>\r\n        <\/tr>\r\n\r\n\t\t<\/tbody><\/table><\/div><\/span><\/span><\/span><\/span><\/p>\n","protected":false},"excerpt":{"rendered":"<p>Program dedicated to the diffusion and promotion of French culture , ideas and knowledge and French intellectual creation abroad. The multimedia library of the Institut Fran\u00e7ais in Laos welcomes you Tuesday to Friday from 9.00 am to 5.30 pm, on Saturday from 9.00 am to 4.00 pm. More than 25,000 books, magazines, DVDs, CDs and [&hellip;]<\/p>\n","protected":false},"author":1,"featured_media":0,"parent":0,"menu_order":0,"comment_status":"closed","ping_status":"closed","template":"","meta":[],"_links":{"self":[{"href":"http:\/\/www.if-laos.org\/en\/wp-json\/wp\/v2\/pages\/205\/"}],"collection":[{"href":"http:\/\/www.if-laos.org\/en\/wp-json\/wp\/v2\/pages\/"}],"about":[{"href":"http:\/\/www.if-laos.org\/en\/wp-json\/wp\/v2\/types\/page\/"}],"author":[{"embeddable":true,"href":"http:\/\/www.if-laos.org\/en\/wp-json\/wp\/v2\/users\/1\/"}],"replies":[{"embeddable":true,"href":"http:\/\/www.if-laos.org\/en\/wp-json\/wp\/v2\/comments\/?post=205"}],"version-history":[{"count":10,"href":"http:\/\/www.if-laos.org\/en\/wp-json\/wp\/v2\/pages\/205\/revisions\/"}],"predecessor-version":[{"id":12506,"href":"http:\/\/www.if-laos.org\/en\/wp-json\/wp\/v2\/pages\/205\/revisions\/12506\/"}],"wp:attachment":[{"href":"http:\/\/www.if-laos.org\/en\/wp-json\/wp\/v2\/media\/?parent=205"}],"curies":[{"name":"wp","href":"https:\/\/api.w.org\/{rel}","templated":true}]}}

<blockquote>
<p style="text-align: justify;"><a href="http://www.if-laos.org/wp-content/uploads/2025/10/IMG_20250208_102232_magicstudio_mb7sztk5g2e.png"><img loading="lazy" class="alignleft wp-image-12502 " src="http://www.if-laos.org/wp-content/uploads/2025/10/IMG_20250208_102232_magicstudio_mb7sztk5g2e-e1761825152165-300x277.png" alt="" width="240" height="222" srcset="http://www.if-laos.org/wp-content/uploads/2025/10/IMG_20250208_102232_magicstudio_mb7sztk5g2e-e1761825152165-300x277.png 300w, http://www.if-laos.org/wp-content/uploads/2025/10/IMG_20250208_102232_magicstudio_mb7sztk5g2e-e1761825152165-1024x945.png 1024w, http://www.if-laos.org/wp-content/uploads/2025/10/IMG_20250208_102232_magicstudio_mb7sztk5g2e-e1761825152165-768x709.png 768w, http://www.if-laos.org/wp-content/uploads/2025/10/IMG_20250208_102232_magicstudio_mb7sztk5g2e-e1761825152165-1536x1418.png 1536w, http://www.if-laos.org/wp-content/uploads/2025/10/IMG_20250208_102232_magicstudio_mb7sztk5g2e-e1761825152165-2048x1891.png 2048w, http://www.if-laos.org/wp-content/uploads/2025/10/IMG_20250208_102232_magicstudio_mb7sztk5g2e-e1761825152165-325x300.png 325w, http://www.if-laos.org/wp-content/uploads/2025/10/IMG_20250208_102232_magicstudio_mb7sztk5g2e-e1761825152165-1320x1219.png 1320w" sizes="(max-width: 240px) 100vw, 240px" /></a><span style="color: #085987;"><span dir="auto" style="vertical-align: inherit;"><span dir="auto" style="vertical-align: inherit;"><span dir="auto" style="vertical-align: inherit;"><span dir="auto" style="vertical-align: inherit;">Program dedicated to the </span></span></span></span><strong><span dir="auto" style="vertical-align: inherit;"><span dir="auto" style="vertical-align: inherit;"><span dir="auto" style="vertical-align: inherit;"><span dir="auto" style="vertical-align: inherit;">diffusion and promotion of French culture</span></span></span></span></strong><span dir="auto" style="vertical-align: inherit;"><span dir="auto" style="vertical-align: inherit;"><span dir="auto" style="vertical-align: inherit;"><span dir="auto" style="vertical-align: inherit;"> , ideas and knowledge and French intellectual creation abroad.</span></span></span></span></span></p>
<p style="text-align: justify;"><span dir="auto" style="font-size: 1.9rem; vertical-align: inherit;"><span dir="auto" style="vertical-align: inherit;"><span dir="auto" style="vertical-align: inherit;"><span dir="auto" style="vertical-align: inherit;">The multimedia library of the Institut Français in Laos welcomes you </span></span></span></span><strong style="font-size: 1.9rem;"><span dir="auto" style="vertical-align: inherit;"><span dir="auto" style="vertical-align: inherit;"><span dir="auto" style="vertical-align: inherit;"><span dir="auto" style="vertical-align: inherit;">Tuesday to Friday from 9.00 am to 5.30 pm, on Saturday from 9.00 am to 4.00 pm.</span></span></span></span></strong><span dir="auto" style="font-size: 1.9rem; vertical-align: inherit;"><span dir="auto" style="vertical-align: inherit;"><span dir="auto" style="vertical-align: inherit;"><span dir="auto" style="vertical-align: inherit;"> More than 25,000 books, magazines, DVDs, CDs and ebooks are at your disposal. You can visit us for free or become a member to borrow material</span></span></span></span></p>
</blockquote>
<p><a href="http://www.reservation-livre.if-laos.org/" target="_blank" rel="noopener noreferrer"><span dir="auto" style="vertical-align: inherit;"><span dir="auto" style="vertical-align: inherit;"><span dir="auto" style="vertical-align: inherit;"><span dir="auto" style="vertical-align: inherit;">Browse the Library OPAC</span></span></span></span></a><span dir="auto" style="vertical-align: inherit;"><span dir="auto" style="vertical-align: inherit;"><span dir="auto" style="vertical-align: inherit;"><span dir="auto" style="vertical-align: inherit;"> (Available during IFL open time). </span></span></span></span><br />
<a href="http://www.culturetheque.com/" target="_blank" rel="noopener noreferrer"><span dir="auto" style="vertical-align: inherit;"><span dir="auto" style="vertical-align: inherit;"><span dir="auto" style="vertical-align: inherit;"><span dir="auto" style="vertical-align: inherit;">Culturetheque &#8211; Online Library</span></span></span></span></a></p>
<p><span dir="auto" style="vertical-align: inherit;"><span dir="auto" style="vertical-align: inherit;"><span dir="auto" style="vertical-align: inherit;"><span dir="auto" style="vertical-align: inherit;"><div class="em-search-wrapper">
<div class="em-events-search em-search has-search-term has-search-main no-advanced advanced-visible">
	<form action="" method="post" class="em-events-search-form em-search-form">
		<input type="hidden" name="action" value="search_events" />
				<div class="em-search-main">
						<!-- START General Search -->
<div class="em-search-text em-search-field">
	<script type="text/javascript">
	EM.search_term_placeholder = 'Search an event';
	</script>
	<label>
		<span class="screen-reader-text">Search an event</span>
		<input type="text" name="em_search" class="em-events-search-text em-search-text" value="" />
	</label>
</div>
<!-- END General Search -->					</div>
												    <input name="near_distance" type="hidden" value="25" />		    <input name="near_unit" type="hidden" value="mi" />			</form>
</div>
</div> </span></span></span></span><br />
<span dir="auto" style="vertical-align: inherit;"><span dir="auto" style="vertical-align: inherit;"><span dir="auto" style="vertical-align: inherit;"><span dir="auto" style="vertical-align: inherit;"><div class='css-events-list'><table class="ifl-evenement-date" >
    <thead>
        <tr>
			<th class="event-time" scope="col"></th>
			<th class="event-description" scope="col"></th>
		</tr>
   	</thead>
    <tbody><tr onclick="location.href='http://www.if-laos.org/en/events/cest-lheure-du-conte/';" style="cursor: pointer;">
            <td> <img src='http://www.if-laos.org/wp-content/uploads/2026/02/2.png' alt='C’est l&#039;heure du conte !'/><br/>
            <font color="#006699" style="font-size:14px;">Venez écouter des histoires et stimuler le langage, l'imagination, la concentration et la créativité ✨ Un vrai moment de détente et d'éveil à partager ! Tous les mercredis | 15:30...</font> <br/><br/>
                </td>
        </tr>

		<tr onclick="location.href='http://www.if-laos.org/en/events/francais-pour-enfant/';" style="cursor: pointer;">
            <td> <img src='http://www.if-laos.org/wp-content/uploads/2025/12/French.png' alt='Français pour enfant'/><br/>
            <font color="#006699" style="font-size:14px;">ພາສາຝຣັ່ງງ່າຍໜ້ອຍດຽວ ຫຼັກສູດພາສາຝຣັ່ງສໍາລັບທຸກເພດທຸກໄວ start soon in May 2026</font> <br/><br/>
                </td>
        </tr>

		</tbody></table></div></span></span></span></span></p>

<p>Program dedicated to the diffusion and promotion of French culture , ideas and knowledge and French intellectual creation abroad. The multimedia library of the Institut Français in Laos welcomes you Tuesday to Friday from 9.00 am to 5.30 pm, on Saturday from 9.00 am to 4.00 pm. More than 25,000 books, magazines, DVDs, CDs and [&hellip;]</p>
